{"id":18,"date":"2017-03-23T22:55:14","date_gmt":"2017-03-23T22:55:14","guid":{"rendered":"http:\/\/www.mul.hr\/?page_id=18"},"modified":"2017-03-23T22:55:37","modified_gmt":"2017-03-23T22:55:37","slug":"skola-filmske-kulture","status":"publish","type":"page","link":"https:\/\/www.mul.hr\/index.php\/projekti\/skola-filmske-kulture\/","title":{"rendered":"\u0160kola filmske kulture"},"content":{"rendered":"<p class=\"western\">\u0160kola Filmske Kulture projekt je namjenjen djeci od petog do osmog razreda osnovne \u0161kole a za cilj ima pru\u017eiti osnovna znanja o filmu, filmskom jeziku, radu sa kamerom, snimanju zvuka, video monta\u017ei.\u200b<\/p>\n<p class=\"western\">Stranica je trenutno u izradi.<\/p>\n","protected":false},"excerpt":{"rendered":"<p>\u0160kola Filmske Kulture projekt je namjenjen djeci od petog do osmog razreda osnovne \u0161kole a za cilj ima pru\u017eiti osnovna znanja o filmu, filmskom jeziku, radu sa kamerom, snimanju zvuka, video monta\u017ei.\u200b Stranica je trenutno u izradi.<\/p>\n","protected":false},"author":1,"featured_media":0,"parent":7,"menu_order":1,"comment_status":"closed","ping_status":"closed","template":"","meta":{"footnotes":""},"class_list":["post-18","page","type-page","status-publish","hentry"],"_links":{"self":[{"href":"https:\/\/www.mul.hr\/index.php\/wp-json\/wp\/v2\/pages\/18","targetHints":{"allow":["GET"]}}],"collection":[{"href":"https:\/\/www.mul.hr\/index.php\/wp-json\/wp\/v2\/pages"}],"about":[{"href":"https:\/\/www.mul.hr\/index.php\/wp-json\/wp\/v2\/types\/page"}],"author":[{"embeddable":true,"href":"https:\/\/www.mul.hr\/index.php\/wp-json\/wp\/v2\/users\/1"}],"replies":[{"embeddable":true,"href":"https:\/\/www.mul.hr\/index.php\/wp-json\/wp\/v2\/comments?post=18"}],"version-history":[{"count":1,"href":"https:\/\/www.mul.hr\/index.php\/wp-json\/wp\/v2\/pages\/18\/revisions"}],"predecessor-version":[{"id":19,"href":"https:\/\/www.mul.hr\/index.php\/wp-json\/wp\/v2\/pages\/18\/revisions\/19"}],"up":[{"embeddable":true,"href":"https:\/\/www.mul.hr\/index.php\/wp-json\/wp\/v2\/pages\/7"}],"wp:attachment":[{"href":"https:\/\/www.mul.hr\/index.php\/wp-json\/wp\/v2\/media?parent=18"}],"curies":[{"name":"wp","href":"https:\/\/api.w.org\/{rel}","templated":true}]}}