{"id":20,"date":"2017-03-23T22:56:22","date_gmt":"2017-03-23T22:56:22","guid":{"rendered":"http:\/\/www.mul.hr\/?page_id=20"},"modified":"2017-03-23T22:56:22","modified_gmt":"2017-03-23T22:56:22","slug":"windows-i-ms-office","status":"publish","type":"page","link":"https:\/\/www.mul.hr\/index.php\/projekti\/windows-i-ms-office\/","title":{"rendered":"Windows i MS Office"},"content":{"rendered":"<p class=\"western\">Windows i MS Office paket za starije te\u010daj je namijenjen onima koji nisu do sada imali priliku upoznati se sa na svijetu najrasprostranjenijim operativnim sustavom i paketom alata za uredske poslove (Word, Excell). Te\u010daj tako\u0111er pokriva i upoznavanje sa internetom, pretra\u017eivanjem interneta te kori\u0161tenja elektronske po\u0161te.\u200b<\/p>\n<p class=\"western\">Stranica je trenutno u izradi<\/p>\n","protected":false},"excerpt":{"rendered":"<p>Windows i MS Office paket za starije te\u010daj je namijenjen onima koji nisu do sada imali priliku upoznati se sa na svijetu najrasprostranjenijim operativnim sustavom i paketom alata za uredske poslove (Word, Excell). Te\u010daj tako\u0111er pokriva i upoznavanje sa internetom, pretra\u017eivanjem interneta te kori\u0161tenja elektronske po\u0161te.\u200b Stranica je trenutno u izradi<\/p>\n","protected":false},"author":1,"featured_media":0,"parent":7,"menu_order":2,"comment_status":"closed","ping_status":"closed","template":"","meta":{"footnotes":""},"class_list":["post-20","page","type-page","status-publish","hentry"],"_links":{"self":[{"href":"https:\/\/www.mul.hr\/index.php\/wp-json\/wp\/v2\/pages\/20","targetHints":{"allow":["GET"]}}],"collection":[{"href":"https:\/\/www.mul.hr\/index.php\/wp-json\/wp\/v2\/pages"}],"about":[{"href":"https:\/\/www.mul.hr\/index.php\/wp-json\/wp\/v2\/types\/page"}],"author":[{"embeddable":true,"href":"https:\/\/www.mul.hr\/index.php\/wp-json\/wp\/v2\/users\/1"}],"replies":[{"embeddable":true,"href":"https:\/\/www.mul.hr\/index.php\/wp-json\/wp\/v2\/comments?post=20"}],"version-history":[{"count":1,"href":"https:\/\/www.mul.hr\/index.php\/wp-json\/wp\/v2\/pages\/20\/revisions"}],"predecessor-version":[{"id":21,"href":"https:\/\/www.mul.hr\/index.php\/wp-json\/wp\/v2\/pages\/20\/revisions\/21"}],"up":[{"embeddable":true,"href":"https:\/\/www.mul.hr\/index.php\/wp-json\/wp\/v2\/pages\/7"}],"wp:attachment":[{"href":"https:\/\/www.mul.hr\/index.php\/wp-json\/wp\/v2\/media?parent=20"}],"curies":[{"name":"wp","href":"https:\/\/api.w.org\/{rel}","templated":true}]}}